?
True
Is 16438 a composite number?
True
Is 3647 a composite number?
True
Is 331489 a composite number?
False
Is 36962 prime?
False
Is 17783 a composite number?
False
Is 64171 prime?
True
Is 71161 composite?
False
Is 13471 prime?
False
Is 223697 composite?
False
Is 115339 prime?
False
Is 23039 composite?
False
Is 5663 prime?
False
Is 8461 a prime number?
True
Is 149207 a prime number?
False
Is 228934 prime?
False
Is 48173 composite?
True
Is 210631 composite?
False
Is 872845 a prime number?
False
Is 9967 a prime number?
True
Is 20249 prime?
True
Is 5793 a composite number?
True
Is 39079 prime?
True
Is 9406 prime?
False
Is 194353 prime?
True
Is 16519 a prime number?
True
Is 2130805 a composite number?
True
Is 12319 composite?
True
Is 20297 a prime number?
True
Is 15877 prime?
True
Is 238067 a composite number?
True
Is 3427 composite?
True
Is 169967 a prime number?
False
Is 1214399 prime?
False
Is 1901 a prime number?
True
Is 18107 composite?
True
Is 1379657 a composite number?
False
Is 8711 prime?
False
Is 131431 composite?
False
Is 81409 composite?
False
Is 207227 prime?
True
Is 10517 a prime number?
False
Is 151201 a prime number?
True
Is 106939 composite?
True
Is 1009 a composite number?
False
Is 15859 a composite number?
False
Is 1408169 composite?
True
Is 303591 a prime number?
False
Is 701 prime?
True
Is 528401 a composite number?
False
Is 30389 composite?
False
Is 1210001 a composite number?
True
Is 17867 a prime number?
False
Is 202363 composite?
True
Is 61267 a prime number?
False
Is 78919 composite?
False
Is 33191 composite?
False
Is 12131 prime?
False
Is 707491 prime?
False
Is 4999 prime?
True
Is 29059 composite?
False
Is 121963 a prime number?
True
Is 3011 composite?
False
Is 2998 a prime number?
False
Is 143101 a composite number?
True
Is 304987 a composite number?
True
Is 28111 prime?
True
Is 740939 prime?
True
Is 15223 a composite number?
True
Is 102701 a prime number?
True
Is 535 a prime number?
False
Is 60733 prime?
True
Is 1271 a prime number?
False
Is 23641 composite?
True
Is 36731 prime?
False
Is 595343 prime?
False
Is 155689 composite?
False
Is 7493 composite?
True
Is 109451 composite?
False
Is 132409 composite?
False
Is 264467 a composite number?
True
Is 559 prime?
False
Is 7069 a prime number?
True
Is 102953 prime?
True
Is 105509 a composite number?
False
Is 7061 prime?
False
Is 1156391 composite?
True
Is 1591 a prime number?
False
Is 83209 a composite number?
True
Is 88993 a prime number?
True
Is 541 prime?
True
Is 4201 a prime number?
True
Is 4001 a prime number?
True
Is 3924749 a prime number?
False
Is 5561 composite?
True
Is 73783 a prime number?
True
Is 1281937 a composite number?
False
Is 2149 composite?
True
Is 166115 prime?
False
Is 180281 a composite number?
False
Is 938167 a prime number?
False
Is 92941 a composite number?
False
Is 2153051 a composite number?
False
Is 4387 a composite number?
True
Is 45691 a prime number?
True
Is 408235 prime?
False
Is 3199 composite?
True
Is 146345 a composite number?
True
Is 1936923 a composite number?
True
Is 445449 prime?
False
Is 239089 composite?
True
Is 51571 composite?
True
Is 600477 composite?
True
Is 943 composite?
True
Is 49498 prime?
False
Is 87463 prime?
False
Is 465373 composite?
False
Is 1357333 prime?
True
Is 176287 composite?
True
Is 4381 a composite number?
True
Is 44839 composite?
False
Is 20417 prime?
False
Is 120831 a prime number?
False
Is 160903 a composite number?
False
Is 202651 a prime number?
False
Is 11763437 a prime number?
False
Is 10753 a composite number?
False
Is 8923 a composite number?
False
Is 1477 a composite number?
True
Is 16249 composite?
False
Is 14107 a composite number?
False
Is 1087 a composite number?
False
Is 7115 a composite number?
True
Is 51089 prime?
False
Is 7391 prime?
False
Is 3821 a prime number?
True
Is 13751 a composite number?
False
Is 332439 prime?
False
Is 57422 a composite number?
True
Is 46333 a prime number?
False
Is 15259 prime?
True
Is 64693 a prime number?
True
Is 296491 a composite number?
True
Is 1321349 a prime number?
True
Is 375673 composite?
False
Is 53247 a composite number?
True
Is 4187 prime?
False
Is 8137 prime?
False
Is 94151 a prime number?
True
Is 26591 prime?
True
Is 1711 a composite number?
True
Is 19619 a prime number?
False
Is 90227 prime?
True
Is 27397 a composite number?
False
Is 576709 a composite number?
True
Is 3613 composite?
False
Is 193301 a composite number?
False
Is 8461 prime?
True
Is 401201 a prime number?
True
Is 109479 prime?
False
Is 14899 a composite number?
True
Is 15547 composite?
True
Is 43373 a composite number?
True
Is 182813 a composite number?
False
Is 5755 prime?
False
Is 327367 composite?
True
Is 193723 composite?
False
Is 120977 prime?
True
Is 209005 a composite number?
True
Is 1806713 prime?
True
Is 108627 a composite number?
True
Is 168323 a composite number?
False
Is 12459 composite?
True
Is 72949 composite?
False
Is 73813 a composite number?
True
Is 22171 composite?
False
Is 49331 prime?
True
Is 31357 prime?
True
Is 58309 prime?
True
Is 12841 a composite number?
False
Is 83593 a composite number?
True
Is 866149 prime?
False
Is 92821 a composite number?
False
Is 56431 prime?
True
Is 2998 a composite number?
True
Is 178 a composite number?
True
Is 23726 composite?
True
Is 247 prime?
False
Is 556717 prime?
False
Is 1819 composite?
True
Is 1050851 a prime number?
True
Is 177 composite?
True
Is 30679 prime?
False
Is 14969 a composite number?
False
Is 662939 a composite number?
False
Is 1187 a prime number?
True
Is 107995 a composite number?
True
Is 18835 composite?
True
Is 1748951 prime?
True
Is 140951 a prime number?
False
Is 451601 a prime number?
True
Is 1724473 a prime number?
True
Is 4271 prime?
True
Is 43013 a prime number?
True
Is 33963 a prime number?
False
Is 289581 composite?
True
Is 566705 prime?
False
Is 35239 a prime number?
False
Is 866209 a composite number?
True
Is 840547 a composite number?
False
Is 19831 a composite number?
True
Is 1480123 a prime number?
False
Is 691631 prime?
True
Is 1043 composite?
True
Is 130867 a composite number?
True
Is 19177 a composite number?
True
Is 6609 prime?
False
Is 104642 composite?
True
Is 248971 a composite number?
False
Is 54019 prime?
False
Is 22377 prime?
False
Is 339151 a composite number?
False
Is 2761 a prime number?
False
Is 553867 composite?
False
Is 18493 prime?
True
Is 917803 composite?
False
Is 124079 a prime number?
False
Is 50522 a composite number?
True
Is 562019 a composite number?
False
Is 633265 a composite number?
True
Is 115931 a prime number?
True
Is 17707 a prime number?
True
Is 924223 prime?
False
Is 31483 a composite number?
True
Is 170921 a composite number?
False
Is 88883 a prime number?
True
Is 137827 a prime number?
True
Is 154537 a composite number?
True
Is 49649 a composite number?
True
Is 12689 a prime number?
True
Is 6041 composite?
True
Is 24385 a composite number?
True
Is 5261 prime?
True
Is 20707 a prime number?
True
Is 7283 prime?
True
Is 720653 a prime number?
True
Is 25999 prime?
True
Is 120473 composite?
False
Is 4963 prime?
False
Is 1795 a prime number?
False
Is 1931 prime?
True
Is 23774 a composite number?
True
Is 264527 a composite number?
False
Is 2869 a composite number?
True
Is 225427 a prime number?
True
Is 20437 a prime number?
False
Is 367621 composite?
False
Is 3985 composite?
True
Is 69511 prime?
False
Is 756759 a composite number?
True
Is 4663 a composite number?
False
Is 151535 prime?
False
Is 83773 a prime number?
True
Is 2407 a composite number?
True
Is 2047 composite?
True
Is 81595 prime?
False
Is 3833 a composite number?
False
Is 19347 prime?
False
Is 17527 a composite number?
True
Is 137633 composite?
False
Is 943 composite?
True
Is 10729 a prime number?
True
Is 90901 a composite number?
False
Is 322607 composite?
False
Is 554003 composite?
False
Is 566413 prime?
True
Is 541 prime?
True
Is 226613 a composite number?
True
Is 21043 a prime number?
False
Is 8411 prime?
False
Is 1399 prime?
True
Is 2939 a prime number?
True
Is 29779 a composite number?
True
Is 1314043 composite?
False
Is 173909 prime?
True
Is 4049 a prime number?
True
Is 1174 prime?
False
Is 403483 a composite number?
False
Is 1595009 a prime number?
False
Is 294703 prime?
True
Is 20161 a prime numbe